30043?
100230130
In base 14, what is -5dbb + -203?
-61c0
In base 9, what is -4 - -205416613?
205416608
In base 16, what is 22d - -3f7?
624
In base 5, what is -4403 + -3010243?
-3020201
In base 11, what is -136290a - 291?
-13630a0
In base 13, what is -2 + -3020061?
-3020063
In base 11, what is -2722 - 42aa?
-6a21
In base 6, what is 23 - 2200542045?
-2200542022
In base 16, what is -f5d191c + -5?
-f5d1921
In base 11, what is 613 - -1a69?
2581
In base 11, what is 27374 - -1423?
28797
In base 15, what is 120 + -1930?
-1810
In base 8, what is -16 - 226646635?
-226646653
In base 8, what is -10 - 12371056?
-12371066
In base 7, what is 2 + 101532155?
101532160
In base 7, what is -401552 - -103?
-401446
In base 11, what is -1010 - -281819?
280809
In base 4, what is -10 + 1021033210032?
1021033210022
In base 5, what is 14042312 - 10?
14042302
In base 5, what is 334034244 + -10300?
334023444
In base 11, what is 22 + 70894?
70906
In base 9, what is 18 - 72708?
-72680
In base 10, what is 12748249 - 2?
12748247
In base 3, what is 22000 - 10200100111?
-10200001111
In base 7, what is 15303560 - 0?
15303560
In base 2, what is -1000000100101 + -110100000?
-1000111000101
In base 16, what is 191 + -29e47?
-29cb6
In base 8, what is 171151 + 17774?
211145
In base 9, what is -144272743 - 2?
-144272745
In base 16, what is 2509a - -5?
2509f
In base 15, what is -23a1 + -d6?
-2487
In base 9, what is -340277374 + 8?
-340277365
In base 15, what is -461c9 - -13e?
-4608a
In base 14, what is 102 - 7558d?
-7548b
In base 14, what is 0 + -2901bc?
-2901bc
In base 15, what is -36ca + 4da1?
16c6
In base 7, what is 162014 + 1442?
163456
In base 15, what is 23e376 + 8?
23e37e
In base 2, what is 11 + 101010100110011111110111000?
101010100110011111110111011
In base 16, what is -8 + 797d65?
797d5d
In base 6, what is -25145455 - 0?
-25145455
In base 7, what is 10336 - -2122411?
2133050
In base 9, what is -4441 - -5823?
1372
In base 4, what is -1303 + -2210211330?
-2210213233
In base 5, what is -231423 + -20040?
-302013
In base 16, what is -41e6 + -5635?
-981b
In base 4, what is 1020102 - 230213211?
-223133103
In base 14, what is 1 - -39cc116?
39cc117
In base 5, what is 1040 - -222000011?
222001101
In base 16, what is -678c + 12e?
-665e
In base 15, what is 8081149 - 2?
8081147
In base 5, what is 24024 + -42203?
-13124
In base 14, what is -1891 - -2c989?
2b0d8
In base 3, what is -1211 + -1120012020011?
-1120012021222
In base 8, what is 1407 + -2513753?
-2512344
In base 6, what is 232344 + -22205?
210135
In base 5, what is -224330 + -3101?
-232431
In base 8, what is 2051 - 102626?
-100555
In base 3, what is 2100211 + 22002201?
101110112
In base 12, what is b28 + 3788a?
387b6
In base 13, what is 8 - -1a5113?
1a511b
In base 4, what is 3 - 23020233222?
-23020233213
In base 15, what is -11b - -3bd?
2a2
In base 10, what is -84 + 99801?
99717
In base 5, what is 444002222 + 30?
444002302
In base 9, what is 23 + -340027?
-340004
In base 7, what is -156524354 + 3?
-156524351
In base 5, what is -13430024403443 + -2?
-13430024404000
In base 8, what is 1503 - -251012?
252515
In base 5, what is -10421313 - 322?
-10422140
In base 2, what is -101000100001101101 + -1100111?
-101000100011010100
In base 16, what is -762 - 1901?
-2063
In base 10, what is -2841496 + 4?
-2841492
In base 9, what is -478 + 12247?
11658
In base 10, what is 4058 - -5116?
9174
In base 8, what is -6234505 - 11?
-6234516
In base 13, what is -53888 + 31?
-53857
In base 16, what is 5 - 210a5a3?
-210a59e
In base 9, what is -32840 - 4870?
-37820
In base 14, what is -a8cdd + 109?
-a8bd4
In base 7, what is 5562 - 1446350?
-1440455
In base 7, what is 130 + 3126004?
3126134
In base 14, what is a8a9 - 199?
a710
In base 16, what is -3372 - -f2?
-3280
In base 13, what is a278438 - 4?
a278434
In base 14, what is -2 - 17447452?
-17447454
In base 2, what is 101011 - -111111100001011111000111?
111111100001011111110010
In base 11, what is 227 + -562441?
-562215
In base 13, what is -3 - 61452a?
-614530
In base 12, what is 1043323 + -2?
1043321
In base 9, what is 5 + 6147357?
6147363
In base 14, what is 6 - 72bc67?
-72bc61
In base 6, what is -1234533 + 5453?
-1225040
In base 7, what is 633054 + -62?
632662
In base 2, what is 10110010101110010000 - 10110?
10110010101101111010
In base 8, what is 1245473 - -12?
1245505
In base 13, what is 853 + -2c88?
-2435
In base 5, what is 13031123412 - 3?
13031123404
In base 4, what is 11121101121301 - 1?
11121101121300
In base 13, what is -712801 + -9?
-71280a
In base 9, what is 2 - -60063367?
60063370
In base 16, what is -104 + 11f94?
11e90
In base 11, what is 657 - -2a60?
3607
In base 5, what is -10 + 1331311403?
1331311343
In base 7, what is 5 - -3114551?
3114556
In base 9, what is 833 + -8737?
-7804
In base 10, what is 91313 + -3?
91310
In base 6, what is 421120 - -3550?
425110
In base 4, what is -1220 + 12003011?
12001131
In base 16, what is -b0 + 4128?
4078
In base 12, what is -41a920 - 18?
-41a938
In base 3, what is -1111 - 2212211022101?
-2212211100212
In base 4, what is 11001100 + -101201?
10233233
In base 12, what is a3001 - -50?
a3051
In base 16, what is -237 - 1efc9?
-1f200
In base 4, what is 2 + -120321020133?
-120321020131
In base 14, what is -65 - -92ad?
9248
In base 8, what is 12666 - 122?
12544
In base 10, what is 2 - -81122945?
81122947
In base 9, what is 2250 - -18628?
21878
In base 10, what is 2 - 1243346?
-1243344
In base 14, what is -d13995d + 1?
-d13995c
In base 3, what is -102101 + -20000221200?
-20001101001
In base 2, what is -1000 + -1101011001001101100001?
-1101011001001101101001
In base 7, what is 5524 + 1356?
10213
In base 15, what is 8167c3 + -3?
8167c0
In base 7, what is -203460603 + -23?
-203460626
In base 8, what is 100 - 522167?
-522067
In base 7, what is 34636 - -11253?
46222
In base 6, what is 5230 + 31045251?
31054521
In base 14, what is -247a79b - 11?
-247a7ac
In base 4, what is -211000330 - 320?
-211001310
In base 14, what is -292212d + 3?
-292212a
In base 14, what is -cad341b - -1?
-cad341a
In base 15, what is 1d2 - -12d50b?
12d6dd
In base 3, what is -202110220222 + -220?
-202110221212
In base 15, what is -6c37dbc - 3?
-6c37dc0
In base 8, what is 55136773 - 2?
55136771
In base 5, what is -101003141133 - -3?
-101003141130
In base 2, what is 100101111111 - -11101011110111?
100010001110110
In base 14, what is 10b - -2858?
2965
In base 7, what is -31541344 - -350?
-31540664
In base 13, what is 33 + 1556a1b?
1556a51
In base 6, what is -50224421 - 31?
-50224452
In base 6, what is 41 + 11025434?
11025515
In base 7, what is -224662531 + 5?
-224662523
In base 14, what is -5 - 5760986?
-576098b
In base 2, what is 11110010011010111011001 - 0?
11110010011010111011001
In base 10, what is 6 - 2890863?
-2890857
In base 14, what is 296c9b1 + 1a?
296c9cb
In base 5, what is 21242002210 - -4?
21242002214
In base 10, what is 836 + -32217?
-31381
In base 13, what is -1429 + 184?
-1275
In base 7, what is -140015442 - -1?
-140015441
In base 14, what is 624646c + 4?
6246472
In base 11, what is -10a + 48556?
48447
In base 10, what is -11 - 23252261?
-23252272
In base 5, what is 13302142 - 211?
13301431
In base 7, what is -34 + -234214456?
-234214523
In base 5, what is 10121134 + -31?
10121103
In base 2, what is 1011 - -11001000101111000110001?
11001000101111000111100
In base 2, what is 11000000 + 1100101100111101?
1100101111111101
In base 8, what is -562270 + 10747?
-551321
In base 3, what is -1212102110 - -121202?
-1211210201
In base 9, what is -4357804 + -1?
-4357805
In base 4, what is -133220220 - 321?
-133221201
In base 4, what is 0 - -103313110013?
103313110013
In base 9, what is 21417363 - 2?
21417361
In base 10, what is 5238 + -45044?
-39806
In base 9, what is -18 + 17561117?
17561088
In base 6, what is -14413441 + 132?
-14413305
In base 6, what is -1012052051 - 33?
-1012052124
In base 8, what is 4 + 2000226373?
2000226377
In base 8, what is -23726 - 32012?
-55740
In base 5, what is 2042 - 304103?
-302011
In base 5, what is -10 - 2420240333?
-2420240343
In base 5, what is 303030432 - 1141?
303024241
In base 5, what is 4 + -14232412043?
-14232412034
In base 15, what is -53c3246 - -12?
-53c3234
In base 8, what is -110 - -466757?
466647
In base 12, what is 42 + 96747?
96789
In base 4, what is 